{"id":21,"date":"2026-01-18T13:50:15","date_gmt":"2026-01-18T12:50:15","guid":{"rendered":"https:\/\/celerace.com\/?page_id=21"},"modified":"2026-02-12T20:02:34","modified_gmt":"2026-02-12T19:02:34","slug":"hauptseite","status":"publish","type":"page","link":"https:\/\/celerace.com\/","title":{"rendered":"Team Celerace"},"content":{"rendered":"\t\t<div data-elementor-type=\"wp-page\" data-elementor-id=\"21\" class=\"elementor elementor-21\">\n\t\t\t\t<div class=\"elementor-element elementor-element-8140090 e-flex e-con-boxed wpr-particle-no wpr-jarallax-no wpr-parallax-no wpr-sticky-section-no e-con e-parent\" data-id=\"8140090\" data-element_type=\"container\" data-e-type=\"container\">\n\t\t\t\t\t<div class=\"e-con-inner\">\n\t\t\t\t<div class=\"elementor-element elementor-element-9fed2f6 animated-fast e-transform elementor-invisible elementor-widget elementor-widget-heading\" data-id=\"9fed2f6\" data-element_type=\"widget\" data-e-type=\"widget\" data-settings=\"{&quot;_animation&quot;:&quot;slideInRight&quot;,&quot;_animation_delay&quot;:200,&quot;_transform_rotateZ_effect&quot;:{&quot;unit&quot;:&quot;px&quot;,&quot;size&quot;:&quot;&quot;,&quot;sizes&quot;:[]},&quot;_transform_rotateZ_effect_tablet&quot;:{&quot;unit&quot;:&quot;deg&quot;,&quot;size&quot;:&quot;&quot;,&quot;sizes&quot;:[]},&quot;_transform_rotateZ_effect_mobile&quot;:{&quot;unit&quot;:&quot;deg&quot;,&quot;size&quot;:&quot;&quot;,&quot;sizes&quot;:[]}}\" data-widget_type=\"heading.default\">\n\t\t\t\t\t<h2 class=\"elementor-heading-title elementor-size-default\">Wir bauen Rennwagen. Aus der Idee wird Geschwindigkeit.<\/h2>\t\t\t\t<\/div>\n\t\t\t\t<div class=\"elementor-element elementor-element-b2b6856 elementor-widget elementor-widget-text-editor\" data-id=\"b2b6856\" data-element_type=\"widget\" data-e-type=\"widget\" data-widget_type=\"text-editor.default\">\n\t\t\t\t\t\t\t\t\t<p>Wir sind ein <strong data-start=\"505\" data-end=\"523\">STEM RACE Team<\/strong>, das Ingenieurdenken, Design und Motorsport verbindet.<\/p><p>Von der ersten Skizze bis zum fertigen Rennwagen entwickeln wir ein High-Performance-Modell, das in internationalen Wettbewerben antritt.<br data-start=\"716\" data-end=\"719\" \/>Was uns antreibt? <strong data-start=\"737\" data-end=\"800\">Technik, Teamwork und der Wille, immer schneller zu werden.<\/strong><\/p><p>Als Team arbeiten wir wie ein echtes Motorsport-Engineering-Team: Konstruktion, Aerodynamik, Fertigung, Marketing und Management greifen perfekt ineinander. Jedes Detail z\u00e4hlt \u2013 vom Luftstrom bis zur Sponsorenstrategie.<\/p><p data-start=\"1051\" data-end=\"1361\">STEM RACE ist mehr als ein Wettbewerb. Es ist eine Plattform, auf der junge Talente zeigen, was m\u00f6glich ist, wenn Technik, Kreativit\u00e4t und Unternehmergeist zusammenkommen. Gefragt sind nicht nur schnelle Fahrzeuge, sondern <strong data-start=\"1299\" data-end=\"1360\">Innovation, Pr\u00e4zision und ein \u00fcberzeugendes Gesamtkonzept<\/strong>.<\/p><p data-start=\"1363\" data-end=\"1609\"><strong data-start=\"1363\" data-end=\"1398\">Warum wir das machen<\/strong><br \/>Wir wollen Erfahrungen sammeln, die man nicht aus Schulb\u00fcchern lernt:<br data-start=\"1468\" data-end=\"1471\" \/>\u2714 Projektmanagement unter Zeitdruck<br data-start=\"1506\" data-end=\"1509\" \/>\u2714 Technische Entwicklung auf Wettbewerbsniveau<br data-start=\"1555\" data-end=\"1558\" \/>\u2714 Pr\u00e4sentieren vor Jury, Partnern und Unternehmen<\/p><p data-start=\"1611\" data-end=\"1670\">Und am Ende nat\u00fcrlich: <strong data-start=\"1634\" data-end=\"1670\">Rennen fahren. Gewinnen. Lernen.<\/strong><\/p><p data-start=\"1611\" data-end=\"1670\">\u00a0<\/p>\t\t\t\t\t\t\t\t<\/div>\n\t\t\t\t<div class=\"elementor-element elementor-element-ca42463 wpr-button-icon-style-inline wpr-button-icon-position-right elementor-invisible elementor-widget elementor-widget-wpr-button\" data-id=\"ca42463\" data-element_type=\"widget\" data-e-type=\"widget\" data-settings=\"{&quot;_animation&quot;:&quot;lightSpeedIn&quot;}\" data-widget_type=\"wpr-button.default\">\n\t\t\t\t\t\t\n\t\t\t\n\t\t\n\t\t<div class=\"wpr-button-wrap elementor-clearfix\">\n\t\t<a class=\"wpr-button wpr-button-effect elementor-animation-skew\" data-text=\"\" href=\"https:\/\/celerace.com\/index.php\/hauptseite\/unterstuetzen\/\">\n\t\t\t\n\t\t\t<span class=\"wpr-button-content\">\n\t\t\t\t\t\t\t\t\t<span class=\"wpr-button-text\">Werde Teil unserer Reise \u2013 als Partner, Sponsor oder Unterst\u00fctzer.<\/span>\n\t\t\t\t\t\t\t\t\n\t\t\t\t\t\t\t\t\t<span class=\"wpr-button-icon\"><svg class=\"e-font-icon-svg e-fas-angle-right\" viewBox=\"0 0 256 512\" xmlns=\"http:\/\/www.w3.org\/2000\/svg\"><path d=\"M224.3 273l-136 136c-9.4 9.4-24.6 9.4-33.9 0l-22.6-22.6c-9.4-9.4-9.4-24.6 0-33.9l96.4-96.4-96.4-96.4c-9.4-9.4-9.4-24.6 0-33.9L54.3 103c9.4-9.4 24.6-9.4 33.9 0l136 136c9.5 9.4 9.5 24.6.1 34z\"><\/path><\/svg><\/span>\n\t\t\t\t\t\t\t<\/span>\n\t\t<\/a>\n\n\t\t\t\t<\/div>\n\t\n\t\n\t\t\t\t\t<\/div>\n\t\t\t\t\t<\/div>\n\t\t\t\t<\/div>\n\t\t<div class=\"elementor-element elementor-element-7224cff e-flex e-con-boxed wpr-particle-no wpr-jarallax-no wpr-parallax-no wpr-sticky-section-no e-con e-parent\" data-id=\"7224cff\" data-element_type=\"container\" data-e-type=\"container\">\n\t\t\t\t\t<div class=\"e-con-inner\">\n\t\t\t\t<div class=\"elementor-element elementor-element-e86a896 elementor-shape-rounded elementor-grid-0 e-grid-align-center elementor-widget elementor-widget-social-icons\" data-id=\"e86a896\" data-element_type=\"widget\" data-e-type=\"widget\" data-widget_type=\"social-icons.default\">\n\t\t\t\t\t\t\t<div class=\"elementor-social-icons-wrapper elementor-grid\">\n\t\t\t\t\t\t\t<span class=\"elementor-grid-item\">\n\t\t\t\t\t<a class=\"elementor-icon elementor-social-icon elementor-social-icon-instagram elementor-repeater-item-350af88\" href=\"https:\/\/www.instagram.com\/stemracing.celerace?igsh=eDBuNzk4enRiY3Z6\" target=\"_blank\" rel=\"nofollow\">\n\t\t\t\t\t\t<span class=\"elementor-screen-only\">Instagram<\/span>\n\t\t\t\t\t\t<svg aria-hidden=\"true\" class=\"e-font-icon-svg e-fab-instagram\" viewBox=\"0 0 448 512\" xmlns=\"http:\/\/www.w3.org\/2000\/svg\"><path d=\"M224.1 141c-63.6 0-114.9 51.3-114.9 114.9s51.3 114.9 114.9 114.9S339 319.5 339 255.9 287.7 141 224.1 141zm0 189.6c-41.1 0-74.7-33.5-74.7-74.7s33.5-74.7 74.7-74.7 74.7 33.5 74.7 74.7-33.6 74.7-74.7 74.7zm146.4-194.3c0 14.9-12 26.8-26.8 26.8-14.9 0-26.8-12-26.8-26.8s12-26.8 26.8-26.8 26.8 12 26.8 26.8zm76.1 27.2c-1.7-35.9-9.9-67.7-36.2-93.9-26.2-26.2-58-34.4-93.9-36.2-37-2.1-147.9-2.1-184.9 0-35.8 1.7-67.6 9.9-93.9 36.1s-34.4 58-36.2 93.9c-2.1 37-2.1 147.9 0 184.9 1.7 35.9 9.9 67.7 36.2 93.9s58 34.4 93.9 36.2c37 2.1 147.9 2.1 184.9 0 35.9-1.7 67.7-9.9 93.9-36.2 26.2-26.2 34.4-58 36.2-93.9 2.1-37 2.1-147.8 0-184.8zM398.8 388c-7.8 19.6-22.9 34.7-42.6 42.6-29.5 11.7-99.5 9-132.1 9s-102.7 2.6-132.1-9c-19.6-7.8-34.7-22.9-42.6-42.6-11.7-29.5-9-99.5-9-132.1s-2.6-102.7 9-132.1c7.8-19.6 22.9-34.7 42.6-42.6 29.5-11.7 99.5-9 132.1-9s102.7-2.6 132.1 9c19.6 7.8 34.7 22.9 42.6 42.6 11.7 29.5 9 99.5 9 132.1s2.7 102.7-9 132.1z\"><\/path><\/svg>\t\t\t\t\t<\/a>\n\t\t\t\t<\/span>\n\t\t\t\t\t<\/div>\n\t\t\t\t\t\t<\/div>\n\t\t\t\t\t<\/div>\n\t\t\t\t<\/div>\n\t\t\t\t<\/div>\n\t\t","protected":false},"excerpt":{"rendered":"<p>Wir bauen Rennwagen. Aus der Idee wird Geschwindigkeit. Wir sind ein STEM RACE Team, das Ingenieurdenken, Design und Motorsport verbindet. Von der ersten Skizze bis zum fertigen Rennwagen entwickeln wir ein High-Performance-Modell, das in internationalen Wettbewerben antritt.Was uns antreibt? Technik, Teamwork und der Wille, immer schneller zu werden. Als Team arbeiten wir wie ein echtes Motorsport-Engineering-Team: Konstruktion, Aerodynamik, Fertigung, Marketing und Management greifen perfekt ineinander. Jedes Detail z\u00e4hlt \u2013 vom Luftstrom bis zur Sponsorenstrategie. STEM RACE ist mehr als ein Wettbewerb. Es ist eine Plattform, auf der junge Talente zeigen, was m\u00f6glich ist, wenn Technik, Kreativit\u00e4t und Unternehmergeist zusammenkommen. Gefragt sind nicht nur schnelle Fahrzeuge, sondern Innovation, Pr\u00e4zision und ein \u00fcberzeugendes Gesamtkonzept. Warum wir das machenWir wollen Erfahrungen sammeln, die man nicht aus Schulb\u00fcchern lernt:\u2714 Projektmanagement unter Zeitdruck\u2714 Technische Entwicklung auf Wettbewerbsniveau\u2714 Pr\u00e4sentieren vor Jury, Partnern und Unternehmen Und am Ende nat\u00fcrlich: Rennen fahren. Gewinnen. Lernen. \u00a0 Werde Teil unserer Reise \u2013 als Partner, Sponsor oder Unterst\u00fctzer. Instagram<\/p>\n","protected":false},"author":1,"featured_media":0,"parent":0,"menu_order":0,"comment_status":"closed","ping_status":"closed","template":"","meta":{"footnotes":""},"class_list":["post-21","page","type-page","status-publish","hentry"],"acf":[],"_links":{"self":[{"href":"https:\/\/celerace.com\/index.php\/wp-json\/wp\/v2\/pages\/21","targetHints":{"allow":["GET"]}}],"collection":[{"href":"https:\/\/celerace.com\/index.php\/wp-json\/wp\/v2\/pages"}],"about":[{"href":"https:\/\/celerace.com\/index.php\/wp-json\/wp\/v2\/types\/page"}],"author":[{"embeddable":true,"href":"https:\/\/celerace.com\/index.php\/wp-json\/wp\/v2\/users\/1"}],"replies":[{"embeddable":true,"href":"https:\/\/celerace.com\/index.php\/wp-json\/wp\/v2\/comments?post=21"}],"version-history":[{"count":42,"href":"https:\/\/celerace.com\/index.php\/wp-json\/wp\/v2\/pages\/21\/revisions"}],"predecessor-version":[{"id":163,"href":"https:\/\/celerace.com\/index.php\/wp-json\/wp\/v2\/pages\/21\/revisions\/163"}],"wp:attachment":[{"href":"https:\/\/celerace.com\/index.php\/wp-json\/wp\/v2\/media?parent=21"}],"curies":[{"name":"wp","href":"https:\/\/api.w.org\/{rel}","templated":true}]}}